vide 100147?
True
Does 65 divide 2810365?
False
Is 24 a factor of 137208?
True
Is 20082 a multiple of 53?
False
Does 12 divide 784179?
False
Is 98 a factor of 191002?
True
Is 649 a factor of 5949250?
False
Does 10 divide 93234?
False
Is 317 a factor of 5253294?
False
Does 62 divide 202926?
True
Is 143 a factor of 380666?
True
Is 10 a factor of 142638?
False
Does 9 divide 297707?
False
Is 180 a factor of 3361159?
False
Is 97129 a multiple of 103?
True
Does 27 divide 820584?
True
Does 295 divide 841343?
False
Is 2433361 a multiple of 203?
True
Does 6 divide 4191420?
True
Is 7 a factor of 70805?
True
Does 93 divide 14164702?
False
Is 13145 a multiple of 11?
True
Does 110 divide 3889050?
True
Does 619 divide 7352740?
False
Is 79 a factor of 83582?
True
Does 245 divide 2518110?
True
Is 12 a factor of 267862?
False
Is 121716 a multiple of 378?
True
Is 180 a factor of 196560?
True
Does 55 divide 34586?
False
Is 3626767 a multiple of 229?
False
Does 180 divide 5747828?
False
Does 231 divide 5612815?
False
Does 330 divide 3148200?
True
Does 750 divide 9119250?
True
Does 209 divide 1213669?
False
Is 21 a factor of 2879955?
False
Does 229 divide 85188?
True
Is 4156845 a multiple of 385?
True
Is 866592 a multiple of 17?
True
Is 416 a factor of 8888672?
True
Is 2 a factor of 97820?
True
Does 245 divide 838960?
False
Does 52 divide 2017814?
False
Is 3011031 a multiple of 175?
False
Is 575124 a multiple of 321?
False
Does 28 divide 4724362?
False
Is 134 a factor of 1165800?
True
Is 127 a factor of 8251317?
True
Does 42 divide 7812?
True
Is 2846370 a multiple of 158?
True
Does 33 divide 355344?
True
Does 15 divide 2009745?
True
Does 86 divide 102254?
True
Is 3 a factor of 2659412?
False
Is 6195 a multiple of 59?
True
Is 16 a factor of 3489600?
True
Is 73221 a multiple of 42?
False
Does 825 divide 5389314?
False
Is 3 a factor of 307347?
True
Is 720 a multiple of 5?
True
Is 33720 a multiple of 26?
False
Does 184 divide 90937?
False
Is 6 a factor of 43507?
False
Is 6 a factor of 30480?
True
Is 199716 a multiple of 68?
True
Is 85 a factor of 315095?
True
Is 813312 a multiple of 13?
False
Is 412 a factor of 1441136?
False
Is 42 a factor of 114828?
True
Is 42 a factor of 25456494?
True
Is 18 a factor of 26712?
True
Is 6160 a multiple of 2?
True
Does 88 divide 4341656?
True
Is 26 a factor of 4439578?
True
Is 264 a factor of 619344?
True
Does 13 divide 1027844?
False
Is 56871 a multiple of 89?
True
Is 18215 a multiple of 5?
True
Is 11 a factor of 498597?
True
Does 1189 divide 9330083?
True
Is 70 a factor of 12680576?
False
Is 11370978 a multiple of 439?
True
Is 362 a factor of 3319915?
False
Is 214 a factor of 1631029?
False
Does 8 divide 5500?
False
Is 143382 a multiple of 43?
False
Is 57 a factor of 617615?
False
Is 49 a factor of 839860?
True
Is 91248 a multiple of 12?
True
Is 399 a factor of 8734437?
False
Is 29 a factor of 924491?
True
Is 19 a factor of 149720?
True
Is 148 a factor of 253968?
True
Does 106 divide 46615?
False
Does 666 divide 1965436?
False
Is 1634298 a multiple of 10?
False
Is 355627 a multiple of 31?
False
Does 23 divide 607729?
True
Is 818168 a multiple of 8?
True
Is 480585 a multiple of 130?
False
Does 77 divide 609636?
False
Does 25 divide 414925?
True
Is 32 a factor of 585078?
False
Is 140 a factor of 386820?
True
Is 240 a factor of 276720?
True
Does 40 divide 148120?
True
Is 68032 a multiple of 32?
True
Is 3789720 a multiple of 108?
True
Does 34 divide 511277?
False
Does 7 divide 4994108?
True
Is 289146 a multiple of 406?
False
Is 1227281 a multiple of 408?
False
Does 194 divide 304386?
True
Does 12 divide 18300?
True
Does 155 divide 46035?
True
Is 790094 a multiple of 15?
False
Is 359 a factor of 1308914?
True
Is 59024 a multiple of 31?
True
Is 19106 a multiple of 90?
False
Is 9825618 a multiple of 89?
False
Is 203 a factor of 5116339?
False
Is 57 a factor of 116494?
False
Does 19 divide 1064251?
False
Is 19694426 a multiple of 16?
False
Is 82 a factor of 1946352?
True
Is 15 a factor of 946560?
True
Does 20 divide 272122?
False
Does 3 divide 43530?
True
Does 1109 divide 5276622?
True
Is 417358 a multiple of 178?
False
Is 8 a factor of 105286?
False
Is 9 a factor of 71641?
False
Does 23 divide 784806?
True
Does 5 divide 16535?
True
Does 9 divide 546795?
True
Does 385 divide 4916995?
False
Is 14 a factor of 492174?
False
Does 748 divide 3836193?
False
Does 61 divide 51423?
True
Is 315394 a multiple of 666?
False
Is 3185530 a multiple of 785?
True
Is 299 a factor of 174616?
True
Is 54939 a multiple of 25?
False
Is 740701 a multiple of 36?
False
Is 696112 a multiple of 57?
False
Is 227775 a multiple of 30?
False
Does 46 divide 182379?
False
Does 302 divide 305770?
False
Is 112 a factor of 315616?
True
Is 94 a factor of 5942022?
True
Does 11 divide 1858809?
False
Does 1004 divide 8619122?
False
Is 3885190 a multiple of 61?
False
Is 62 a factor of 215647?
False
Is 28830 a multiple of 186?
True
Is 101790 a multiple of 117?
True
Is 51 a factor of 498168?
True
Does 20 divide 837040?
True
Does 26 divide 1919461?
False
Does 770 divide 1335284?
False
Does 159 divide 1964127?
True
Does 37 divide 294581?
False
Does 8 divide 55224?
True
Is 384381 a multiple of 908?
False
Is 626844 a multiple of 13?
False
Does 945 divide 22629915?
True
Is 6565 a multiple of 7?
False
Is 45694 a multiple of 6?
False
Is 4 a factor of 119195?
False
Is 186 a factor of 14620286?
False
Is 60 a factor of 8471694?
False
Does 487 divide 3659021?
False
Is 2879083 a multiple of 12?
False
Is 10 a factor of 1164339?
False
Does 24 divide 233832?
True
Is 3294742 a multiple of 87?
False
Is 96 a factor of 52621?
False
Does 155 divide 87420?
True
Is 4 a factor of 65221?
False
Is 197 a factor of 746039?
True
Is 838 a factor of 1181781?
False
Does 417 divide 3533658?
True
Does 33 divide 6330258?
True
Does 12 divide 10118568?
True
Is 12385275 a multiple of 1085?
True
Does 154 divide 270264?
False
Is 5 a factor of 889030?
True
Is 5033480 a multiple of 259?
False
Is 16 a factor of 3458920?
False
Does 17 divide 831793?
True
Is 111966 a multiple of 4?
False
Is 650496 a multiple of 48?
True
Does 899 divide 12870237?
False
Does 23 divide 79416?
False
Does 1971 divide 14490792?
True
Is 14550 a multiple of 6?
True
Is 1356 a factor of 6263315?
False
Is 34 a factor of 48374?
False
Does 1124 divide 1340922?
False
Is 644683 a multiple of 135?
False
Does 1298 divide 1396779?
False
Is 1493 a factor of 15100202?
True
Is 1673529 a multiple of 141?
True
Is 38745 a multiple of 2?
False
Is 5 a factor of 4179689?
False
Does 236 divide 626610?
False
Does 271 divide 1623456?
False
Does 18 divide 79953?
False
Is 362 a factor of 2775024?
False
Is 4723951 a multiple of 17?
False
Does 168 divide 1120896?
True
Is 122248 a multiple of 259?
True
Is 70 a factor of 57416?
False
Is 396768 a multiple of 96?
True
Is 14 a factor of 600768?
True
Does 13 divide 2315612?
True
Is 213 a factor of 2427335?
False
Does 60 divide 5820?
True
Does 20 divide 113020?
True
Is 11 a factor of 381194?
True
Does 114 divide 8876980?
False
Does 237 divide 1891971?
True
Is 99299 a multiple of 19?
False
Does 149 divide 105492?
True
Is 27616 a multiple of 102?
False
Is 28 a factor of 60695?
False
Is 12 a factor of 1308984?
True
Is 318 a factor of 3060731?
False
Is 13 a factor of 2988846?
False
Does 290 divide 468321?
False
Is 2395909 a multiple of 937?
True
Is 3074097 a multiple of 72?
False
Does 54 divide 20589012?
True
Is 42 a factor of 33600084?
True
Is 18 a factor of 371700?
True
Is 16836771 a multiple of 7?
True
Is 2 a factor of 113?
False
Is 10239 a multiple of 81?
False
Is 12 a factor of 1833730?
False
Is 1714263 a multiple of 17?
True
Is 7439849 a multiple of 37?
True
Does 7 divide 1519868?
True
Is 37 a factor of 722637?
False
Does 90 divide 116693?
False
Does 167 divide 1487519?
False
Does 14 divide 204876?
True
Is 94 a factor of 17327?
False
Does 49 divide 4840220?
True
Is 494952 a multiple of 328?
True
Is 86429 a multiple of 30?
False
Is 662532 a multiple of 8?
False
Is 62790 a multiple of 87?
False
Does 15 divide 1891568?
False
Is 8 a factor of 242548?
False
Does 14 divide 5726?
True
Does 11 divide 1433649?
False
Does 33 divide 559020?
True
Is 66 a factor of 176154?
True
Is 10 a factor of 2336440?
True
Does 24 divide 2982378?
False
